
False
Is 747977 composite?
False
Is 276839 composite?
False
Is 15105819 a composite number?
True
Is 65161519 composite?
False
Is 55207121 composite?
False
Is 6395401 prime?
False
Is 549623 a prime number?
True
Is 110643319 a prime number?
True
Is 1978961 prime?
False
Is 16648363 a prime number?
True
Is 830719 a composite number?
False
Is 1325850479 a prime number?
False
Is 401269 a composite number?
True
Is 8553563 a prime number?
True
Is 32875963 composite?
False
Is 8060953 prime?
True
Is 2964757 prime?
False
Is 56094559 a prime number?
False
Is 2466353 prime?
False
Is 68712893 prime?
False
Is 2197021 prime?
True
Is 29844181 prime?
True
Is 16040023 composite?
True
Is 170257 composite?
True
Is 49843993 a prime number?
True
Is 2963089 a prime number?
False
Is 126354443 composite?
True
Is 831503 a prime number?
True
Is 5503627 prime?
False
Is 124340063 composite?
False
Is 1518089 composite?
False
Is 767743 prime?
False
Is 277483 a prime number?
True
Is 55547839 composite?
True
Is 57994759 a prime number?
True
Is 371537 a prime number?
False
Is 62221571 composite?
False
Is 17264201 prime?
True
Is 413016155 a composite number?
True
Is 1096646813 a composite number?
False
Is 1589507 prime?
False
Is 5065217 a prime number?
True
Is 117686921 a composite number?
True
Is 10472239 a composite number?
True
Is 7714261 composite?
True
Is 996782 a composite number?
True
Is 2997341 prime?
True
Is 788789215 a prime number?
False
Is 8978059 prime?
True
Is 91295747 a composite number?
False
Is 19756783 composite?
False
Is 47519431 composite?
False
Is 2728277 a composite number?
False
Is 560455141 a composite number?
True
Is 11786759 prime?
True
Is 3866159 a prime number?
False
Is 70348639 a prime number?
True
Is 8834317 composite?
True
Is 597884167 prime?
True
Is 723326 prime?
False
Is 262819 a prime number?
True
Is 3740531 a prime number?
False
Is 99267317 composite?
True
Is 11345827 a prime number?
True
Is 490750319 a composite number?
True
Is 96354779 composite?
False
Is 91220287 a composite number?
False
Is 14073587 a prime number?
False
Is 663573655 prime?
False
Is 27720179 a prime number?
False
Is 1761367 a composite number?
False
Is 25437271 a composite number?
False
Is 4402241 prime?
True
Is 50773183 prime?
True
Is 33789793 a prime number?
True
Is 77250079 composite?
True
Is 52257893 prime?
False
Is 1048978003 prime?
True
Is 67459169 a composite number?
False
Is 27541079 a composite number?
True
Is 205125353 composite?
False
Is 344491967 composite?
True
Is 82663513 a prime number?
False
Is 6534701 a prime number?
True
Is 1250863 prime?
True
Is 92045053 a composite number?
False
Is 142249799 composite?
True
Is 48553 a prime number?
False
Is 23324621 a composite number?
True
Is 36791737 prime?
False
Is 408039 a prime number?
False
Is 16658561 a prime number?
True
Is 222341377 composite?
False
Is 45635549 composite?
True
Is 56844691 a composite number?
True
Is 984031 a composite number?
True
Is 1199617 composite?
False
Is 18618153 composite?
True
Is 46602487 prime?
False
Is 54014755 a composite number?
True
Is 2733901 a prime number?
True
Is 54122771 a prime number?
False
Is 1236971 a composite number?
True
Is 113914327 a prime number?
True
Is 12169037 a prime number?
True
Is 510189893 prime?
False
Is 2737721 a prime number?
False
Is 7133213 a composite number?
True
Is 793126 a prime number?
False
Is 270843 a prime number?
False
Is 161520899 a prime number?
True
Is 628529 composite?
True
Is 75703063 a composite number?
False
Is 11799167 a prime number?
False
Is 1589933 prime?
True
Is 5296517 a composite number?
True
Is 6787661 prime?
False
Is 1366241 prime?
True
Is 5666233 prime?
True
Is 70444823 a composite number?
False
Is 66911 a prime number?
False
Is 9306523 composite?
True
Is 112156423 a composite number?
False
Is 11258729 composite?
False
Is 329810699 a prime number?
False
Is 332102182 prime?
False
Is 374615 a composite number?
True
Is 18324221 composite?
False
Is 3318338 a prime number?
False
Is 1409977 a composite number?
False
Is 28459 a composite number?
True
Is 953815 a composite number?
True
Is 236323 a composite number?
False
Is 5010407 prime?
True
Is 31359617 a prime number?
True
Is 99820051 a prime number?
True
Is 11823549 a composite number?
True
Is 471495721 a prime number?
True
Is 1684283 a prime number?
True
Is 48930127 a prime number?
False
Is 32762981 a prime number?
True
Is 176838413 a composite number?
False
Is 219511573 prime?
False
Is 10740319 composite?
True
Is 66841 a prime number?
True
Is 442723 prime?
False
Is 55430933 prime?
False
Is 3569161 prime?
True
Is 186105371 a composite number?
False
Is 785326549 prime?
False
Is 813707081 a prime number?
False
Is 13083617 a prime number?
False
Is 82792027 a composite number?
False
Is 78168697 a prime number?
False
Is 111209 a prime number?
False
Is 3768409 a prime number?
True
Is 19268743 a prime number?
False
Is 849665 a prime number?
False
Is 4765667 composite?
False
Is 5973967 a prime number?
False
Is 46382759 composite?
False
Is 599457 a prime number?
False
Is 16202933 composite?
False
Is 2399101 composite?
True
Is 114907781 prime?
True
Is 116798657 prime?
True
Is 12373357 prime?
True
Is 1656659 a composite number?
False
Is 293891459 a prime number?
True
Is 20160257 a composite number?
True
Is 151011779 a prime number?
True
Is 39178603 prime?
False
Is 2041231 a prime number?
True
Is 5060189 a prime number?
False
Is 141310151 composite?
False
Is 184909111 composite?
False
Is 1803720805 composite?
True
Is 7489913 composite?
False
Is 907637 composite?
False
Is 3807611 a composite number?
True
Is 234167969 composite?
True
Is 26391983 a prime number?
True
Is 6802571 composite?
False
Is 3961393 prime?
True
Is 122063 composite?
True
Is 19179133 a prime number?
False
Is 2789551 a prime number?
True
Is 17632817 a composite number?
True
Is 108591473 composite?
True
Is 9954991 a prime number?
True
Is 28480811 a composite number?
True
Is 3686927 composite?
False
Is 11495983 a composite number?
False
Is 1039631 composite?
False
Is 828169 composite?
False
Is 17817791 prime?
True
Is 7228871 a prime number?
False
Is 890049 composite?
True
Is 222303737 a prime number?
True
Is 27977647 composite?
True
Is 2466041 a composite number?
False
Is 6556519 a prime number?
True
Is 195889189 prime?
True
Is 204020813 prime?
True
Is 20186783 a composite number?
False
Is 3445093 a prime number?
True
Is 10413413 composite?
True
Is 638023 prime?
True
Is 20984729 composite?
False
Is 2407267 prime?
True
Is 22673279 composite?
False
Is 1086227 prime?
False
Is 283528649 a composite number?
False
Is 2677907 prime?
False
Is 50030333 prime?
True
Is 1186858 a composite number?
True
Is 214888615 a prime number?
False
Is 9861223 prime?
True
Is 2174573 prime?
True
Is 2284181 composite?
False
Is 1119493 a prime number?
False
Is 48814567 a composite number?
False
Is 24461917 prime?
False
Is 44855479 prime?
False
Is 29839457 a prime number?
True
Is 125095453 a composite number?
True
Is 1086109 a prime number?
False
Is 1964603 prime?
True
Is 3162451 a composite number?
True
Is 232816579 prime?
True
Is 62259446 a composite number?
True
Is 431621 a prime number?
True
Is 734627 a prime number?
True
Is 20520743 prime?
True
Is 4255057 prime?
True
Is 30720839 prime?
False
Is 488287 composite?
False
Is 14674499 a composite number?
True
Is 365351599 prime?
False
Is 21990751 a composite number?
True
Is 345011 a prime number?
True
Is 2074199 a composite number?
False
Is 202160089 prime?
False
Is 620682701 a composite number?
True
Is 856211 composite?
True
Is 7446397 a composite number?
True
Is 223304561 a composite number?
False
Is 1022939 a composite number?
True
Is 5283151 a composite number?
True
Is 102828031 composite?
True
Is 37679777 a composite number?
False
Is 6331697 a prime number?
False
Is 68664089 prime?
False
Is 27557039 a composite number?
True
Is 29750621 a prime number?
True
Is 610157 a composite number?
False
Is 1806719 a composite number?
True
Is 27182039 prime?
True
Is 594780193 a composite number?
True
Is 2235739 a prime number?
False
Is 8129543 a composite number?
True
Is 19015613 a composite number?
False
Is 6216191 prime?
True
Is 239734513 composite?
False
Is 677503 prime?
False
Is 11998601 composite?
False
I